he prime factors of s?
2, 5, 71
Let n = -31 - -35. Suppose 2886 = n*s - 2*w, 6*w - 3*w - 2901 = -4*s. Let v = s + -515. List the prime factors of v.
2, 13
Let z(n) = 25*n - 17. Let b be z(4). Let k = b + 58. List the prime factors of k.
3, 47
Let v(i) = -2*i**2 - 50*i. Let s be v(-25). What are the prime factors of 472/177*(171 + s)?
2, 3, 19
Let s(j) = -7*j + 5. Let n(y) = y**2 - 27*y + 89. Let q be n(22). List the prime factors of s(q).
2, 19
Suppose 4*q + 2493 = -5*o - 13265, o + 2 = 0. Let u = q + 1896. List the prime factors of (u/52*2*2)/(-1).
157
Let z = 351 - 302. Let h = 460 + z. What are the prime factors of h?
509
Let m(h) = 81*h + 11. Let j be m(3). Let v = j - 31. What are the prime factors of v?
223
Suppose -86*c + 6593796 - 1300582 = 0. What are the prime factors of c?
61, 1009
Suppose -4*t + 9668 = 4*n, 11722 + 328 = 5*t - 2*n. Suppose 0*a - 4*a = -t. List the prime factors of a.
3, 67
Let t(p) = 14*p + 25 - 10*p - 5*p - 4*p. What are the prime factors of t(-14)?
5, 19
Let v be 2*2 - 631548/((-9)/1). Suppose -7*i = 41*i - v. List the prime factors of i.
2, 17, 43
Let s be (3 + 39 - 3)*-1. Let o = s - -52. Let b(m) = m**3 - 13*m**2 + m - 3. What are the prime factors of b(o)?
2, 5
Let v = -55 + 53. Let m(s) = 8*s**2 + 7*s + 5. Let t be m(v). Suppose -21*u - 70 = -t*u. What are the prime factors of u?
5, 7
Let h = -50 - -50. Suppose -4*r = -2*l - h*r - 6, 0 = 5*r - 15. Suppose 0 = l*b - 5*p + 269 - 880, -3*b + 605 = p. List the prime factors of b.
2, 101
Let p = 127636 - 74481. List the prime factors of p.
5, 10631
Let r = -15251 + 25400. What are the prime factors of r?
3, 17, 199
What are the prime factors of (-275)/(-15)*(-19017)/(-15)?
11, 2113
Suppose 0 = 4*r - y - 7, -y - 3 = -0*r - 2*r. Suppose h + 821 = -2*j, r*h + 822 = -0*j - 2*j. Let x = -235 - j. What are the prime factors of x?
5, 7
Suppose 3*t - 72048 = -4*n, 11*t + 96039 = 15*t - 3*n. List the prime factors of t.
2, 3, 23, 29
Let o(h) = -h**3 + 21*h**2 + 111*h + 214. List the prime factors of o(-24).
2, 5, 2347
Suppose -5*d + k + 8 = 0, 7*d - 6*d + 5*k = 12. Suppose -3*f = -d*n + 1921, n + 2*f - 382 = 575. What are the prime factors of n?
7, 137
Let u(m) = -79*m**3 + 5*m**2 + 6*m + 2. What are the prime factors of u(-2)?
2, 3, 107
Suppose -z + 2*g + 53269 = 0, 213092 = 4*z + 7*g + g. What are the prime factors of z?
3, 1973
Let d = -122 + 152. Suppose -5*n + 5*b = -d, -n + 5*b = n - 3. List the prime factors of n.
3
Suppose 15*h = -13*h + 15*h + 21775. What are the prime factors of h?
5, 67
Let r(n) = 121*n**2 + 142*n + 30. List the prime factors of r(-13).
3, 6211
What are the prime factors of ((-99)/165)/(6/(-213220))?
2, 7, 1523
Let g(v) = -110*v**2 + 13*v - 5. Let d(b) = -224*b**2 + 25*b - 11. Let j(r) = -6*d(r) + 11*g(r). List the prime factors of j(2).
13, 41
Suppose 5*s - 44042 = -11*s + 31014. List the prime factors of s.
4691
Let a = 601 + -191. Suppose -a + 1420 = 5*q. Let g = q + -135. What are the prime factors of g?
67
Suppose 17*v = 6*v. Suppose v = -107*p + 98*p + 2187. What are the prime factors of p?
3
Let m = 2133 + -1254. Suppose 3*x - 5994 = -m. What are the prime factors of x?
5, 11, 31
Let o = -339 + 2154. Suppose o = 5*d - 5*g, -10*d - 4*g = -11*d + 375. List the prime factors of d.
359
Let f = 9 - 11. Let u be 9/f*(-8)/12. Suppose u*b - 276 = 159. What are the prime factors of b?
5, 29
Let t(i) = -i**2 - 9*i + 3. Let u be t(-9). Suppose -b - u*j = -297, -3*b - j - 2*j + 897 = 0. List the prime factors of b.
2, 3, 5
Let z(p) = p**3 - 2*p**2 + 2*p + 7. Let h(u) = u - 4. Let y be h(4). Suppose -2*q = 0, a + y*q - 4*q - 5 = 0. List the prime factors of z(a).
2, 23
Let c be 773/1*(36 + -35). Let k = c - 153. List the prime factors of k.
2, 5, 31
Suppose 3*y = -4*n + 23589, 2*y - 3272 - 2629 = -n. What are the prime factors of n?
3, 5, 131
Let q = -8 - 51. Let n(r) = -2*r**3 + 15*r**2 - r. Let c be n(6). Let l = c + q. What are the prime factors of l?
43
Let h(f) = 231*f**2 + 67*f - 415. List the prime factors of h(6).
19, 23
Let h(k) = k**3 + 6*k**2 - 6*k + 9. Let u be h(-7). Suppose -u*i + 170 = 3*i. Suppose 4*r = -0*f - 4*f + 200, -i = -r + 3*f. List the prime factors of r.
2, 23
Let j = -338 - -352. Suppose -j*g = -13*g - 662. List the prime factors of g.
2, 331
Let u be -6*3/6 - -28. Suppose -8*v + 2310 = u*v. What are the prime factors of v?
2, 5, 7
Let a = 354 - 324. Suppose 0 = a*i - 39209 - 16951. List the prime factors of i.
2, 3, 13
Let f(s) be the third derivative of -3*s**5/20 - s**4/4 + 7*s**3/6 + 14*s**2. Let w(y) be the first derivative of f(y). List the prime factors of w(-5).
2, 3, 7
Suppose 6628 = 2*j + 4*q, 14*j + 6656 = 16*j - 3*q. List the prime factors of j.
2, 11, 151
Suppose 5*x + 2*t - 2657 = 25083, -2*x + 11096 = -20*t. List the prime factors of x.
2, 19, 73
List the prime factors of (-32556)/(-7) - (22/(-99) - (-10)/126).
4651
Let k(x) = 12*x - 566. Let y be k(47). Let s(h) = 2*h + 4*h + 4 + 30*h**2 - 2. List the prime factors of s(y).
2, 5, 11
What are the prime factors of 21/3 + (59226 + 2 - (-78 - -85))?
2, 13, 17, 67
Suppose 0 = s + 3*l - 2653, 2*s = 6*s - l - 10625. Suppose 57*k = 41*k + s. List the prime factors of k.
2, 83
Suppose -2 = -u + 3*f - 4, 0 = -5*u + 2*f - 36. Let o be (2 + -1*3)/(u/24). Suppose -c - o*d = -254, c - 3*d + 66 = 314. What are the prime factors of c?
251
Let a be 3 + 7/((-21)/15). Let g be (-31)/a + 4 + (-21)/6. What are the prime factors of (32/6)/(2 + g/(-9))?
2, 3
Let d(i) = 27*i**2 - 10*i - 4. Let z be 150/(-20)*(-6)/15. List the prime factors of d(z).
11, 19
Suppose -18*m - 126 = 3*m. Let y(z) = -96*z + 11. What are the prime factors of y(m)?
587
Let k(b) = 626*b**2 - 116*b - 548. List the prime factors of k(-5).
2, 7841
Let q(x) be the second derivative of x**3/2 - 24*x**2 + 35*x. Let g be q(17). What are the prime factors of 191/1 + 4/(-5 + g)?
3, 7
Let l = -154 + 220. Suppose 0 = -5*h + 3*j - 4 + l, 2*h = 3*j + 32. Suppose h*y = 6*y + 220. List the prime factors of y.
5, 11
Let p(y) = 4*y**2 + 55*y + 17. Let d be p(-35). Suppose -d = -5*u - 4*h, -h - 16 = 4*u - 2414. List the prime factors of u.
2, 3, 5
What are the prime factors of (55050/(-20))/(((-9)/2)/9)?
3, 5, 367
Suppose -17 = -3*r + 10. Suppose r*d - 7*d = 572. What are the prime factors of d?
2, 11, 13
Suppose 23*b + 570 = 21*b. What are the prime factors of (-216)/(-45)*b/(-12)?
2, 3, 19
Let p = -600 - -3365. Suppose 3*h + 683 = p. List the prime factors of h.
2, 347
Suppose -5*i = -4*a + 16014, 8*a + 3*i - 12253 = 19801. What are the prime factors of a?
2, 2003
Let i be (1 - 2*83/6)*3. Let o = -56 - i. Let v = 61 - o. List the prime factors of v.
37
Let r(x) = x**3 - 7*x**2 + x - 1. Let u be r(7). Suppose u*n = 25 - 7. Suppose -2*j + 67 = n*b + 2*j, -5*b + 4*j + 69 = 0. What are the prime factors of b?
17
Suppose 2313 = 3*g - 8*k + 6*k, 4*g + 3*k - 3101 = 0. Let r = g + -169. List the prime factors of r.
2, 151
Suppose -3*f = 5*z - 4221, 3*f + 4522 = 4*z + 1129. Suppose -z = 16*a - 25*a. Suppose -2*s + a = -96. List the prime factors of s.
5, 19
Let l = 4 + -2. Let b be 30/(-20)*(-12)/6. Suppose 0 = k - l, 0*f - 4*k = -b*f + 58. List the prime factors of f.
2, 11
Let m(z) = 4*z**2 - 5*z - 18. Let k be m(-2). Suppose 321 = -k*h + 1105. List the prime factors of h.
2, 7
Suppose 58*t = 244*t - 2360526. What are the prime factors of t?
7, 37
Suppose 0 = 2*z - v - 3*v - 88, -4*v = -3*z + 122. Suppose -3*r + z = -14. Suppose -9*y - 553 = -r*y. What are the prime factors of y?
79
Let z(y) = -21*y**3 + 3*y**2 - 3*y - 23. Let l(h) = -4*h**3 + 5*h - 4. Let r be l(1). What are the prime factors of z(r)?
2, 5, 29
Let h = 241 + -377. Let d = 446 - 218. Let a = d + h. What are the prime factors of a?
2, 23
Let c(p) = 72*p**2 + 168*p + 17. List the prime factors of c(6).
3617
Let n(l) = 1301*l - 1880. List the prime factors of n(16).
2, 3, 263
Let f(n) = -20*n**3 - n**2 - 12*n - 11. Let j be f(-1). Suppose -j*z - 4503 = -39*z. What are the prime factors of z?
3, 79
Suppose 6*d - 9*d - 12 = 2*n, 2*n - 3*d + 36 = 0. List the prime factors of 60/(-72) - 4678/n.
389
Let u(h) = -h**2 - 5*h + 17. Let o be u(-7). Let p(c) = c**3 - 3*c**2 + 7. What are the prime factors of p(o)?
7
Let z(l) = l**3 + 4*l**2 + 15*l + 33. Let f be z(-7). Let 